ulate the remainder when 79808324 is divided by 39904157.
10
What is the remainder when 6359426 is divided by 106?
62
Calculate the remainder when 253328 is divided by 3923.
2256
What is the remainder when 682415 is divided by 6629?
6257
Calculate the remainder when 62388965 is divided by 53.
15
Calculate the remainder when 102970001 is divided by 73.
70
What is the remainder when 114165 is divided by 14264?
53
What is the remainder when 1357780 is divided by 168?
4
Calculate the remainder when 9275 is divided by 4359.
557
Calculate the remainder when 501299349 is divided by 46.
43
What is the remainder when 6454621 is divided by 47812?
1
Calculate the remainder when 8935486 is divided by 1489205.
256
What is the remainder when 4891588 is divided by 1782?
1780
What is the remainder when 77582 is divided by 183?
173
What is the remainder when 24300789 is divided by 19?
17
Calculate the remainder when 494113 is divided by 12050.
63
What is the remainder when 9931233 is divided by 29?
9
What is the remainder when 82357 is divided by 82236?
121
Calculate the remainder when 54620798 is divided by 160.
158
Calculate the remainder when 5564737 is divided by 1854892.
61
What is the remainder when 482806 is divided by 13047?
67
What is the remainder when 602350857 is divided by 259?
255
What is the remainder when 1393153 is divided by 6360?
313
What is the remainder when 600724 is divided by 7067?
29
What is the remainder when 1369198 is divided by 425?
273
What is the remainder when 14069444 is divided by 439670?
4
Calculate the remainder when 7061472 is divided by 357.
12
What is the remainder when 21667336 is divided by 7044?
7036
What is the remainder when 8636480 is divided by 143?
138
Calculate the remainder when 3409120 is divided by 391.
382
What is the remainder when 22255 is divided by 106?
101
Calculate the remainder when 2539610 is divided by 1331.
62
Calculate the remainder when 123697 is divided by 34.
5
What is the remainder when 484834986 is divided by 25456?
10
What is the remainder when 74712 is divided by 36829?
1054
Calculate the remainder when 20653 is divided by 174.
121
What is the remainder when 460747 is divided by 5907?
1
What is the remainder when 27694766 is divided by 1384738?
6
What is the remainder when 402000 is divided by 1381?
129
Calculate the remainder when 2244054 is divided by 118106.
40
What is the remainder when 5251963 is divided by 437?
97
Calculate the remainder when 15305889 is divided by 140.
109
Calculate the remainder when 87417 is divided by 2416.
441
Calculate the remainder when 215598 is divided by 77.
75
Calculate the remainder when 28057783 is divided by 622.
607
Calculate the remainder when 183345 is divided by 2939.
1127
Calculate the remainder when 23703447 is divided by 25.
22
What is the remainder when 291881 is divided by 1998?
173
What is the remainder when 2169 is divided by 2128?
41
Calculate the remainder when 357976 is divided by 228.
16
What is the remainder when 13919815 is divided by 30?
25
Calculate the remainder when 7660165 is divided by 105.
100
Calculate the remainder when 801605 is divided by 113941.
4018
What is the remainder when 10157 is divided by 126?
77
What is the remainder when 331769 is divided by 610?
539
Calculate the remainder when 121794 is divided by 6191.
4165
Calculate the remainder when 580119 is divided by 145023.
27
What is the remainder when 35646 is divided by 10534?
4044
Calculate the remainder when 205426 is divided by 1249.
590
Calculate the remainder when 343586960 is divided by 1837.
1828
What is the remainder when 60946 is divided by 6154?
5560
Calculate the remainder when 310482676 is divided by 33.
31
Calculate the remainder when 11133778 is divided by 49.
47
Calculate the remainder when 17652 is divided by 3811.
2408
What is the remainder when 7791966 is divided by 5219?
5218
What is the remainder when 27376 is divided by 54?
52
What is the remainder when 37628365 is divided by 2095?
70
Calculate the remainder when 6023626 is divided by 213.
199
Calculate the remainder when 62760 is divided by 30788.
1184
What is the remainder when 278618 is divided by 8914?
2284
Calculate the remainder when 1611141 is divided by 1868.
925
What is the remainder when 4697414 is divided by 580?
574
Calculate the remainder when 7689431 is divided by 768936.
71
Calculate the remainder when 2232350 is divided by 186029.
2
Calculate the remainder when 21691417 is divided by 10845682.
53
Calculate the remainder when 13218 is divided by 1133.
755
What is the remainder when 55001 is divided by 6089?
200
Calculate the remainder when 569948 is divided by 569792.
156
Calculate the remainder when 115214625 is divided by 28803655.
5
Calculate the remainder when 543334950 is divided by 29.
27
Calculate the remainder when 1849987 is divided by 9536.
3
What is the remainder when 12345504 is divided by 363103?
2
Calculate the remainder when 6496312 is divided by 27762.
4
What is the remainder when 646347 is divided by 4197?
9
Calculate the remainder when 61468996 is divided by 140340.
76
What is the remainder when 2940968 is divided by 1557?
1352
What is the remainder when 942783109 is divided by 115?
114
What is the remainder when 23253493 is divided by 200461?
17
Calculate the remainder when 362675 is divided by 175.
75
What is the remainder when 689691 is divided by 172239?
735
Calculate the remainder when 6834138 is divided by 7437.
6972
What is the remainder when 38433612 is divided by 2562240?
12
Calculate the remainder when 138807623 is divided by 307.
29
Calculate the remainder when 2633958 is divided by 234.
54
What is the remainder when 32616524 is divided by 336?
332
What is the remainder when 35469849 is divided by 71?
24
What is the remainder when 80735 is divided by 4902?
2303
Calculate the remainder when 11899 is divided by 1335.
1219
What is the remainder when 249735 is divided by 8919?
3
What is the remainder when 29609857 is divided by 14804924?
9
What is the remainder when 14864443 is divided by 7432212?
19
What is the remainder when 10715 is divided by 2247?
1727
What is the remainder when 74384 is divided by 6188?
128
What is the remainder when 1094371 is divided by 2551?
2543
What is the remainder when 5299050 is divided by 4902?
4890
Calculate the remainder when 382622 is divided by 76508.
82
Calculate the remainder when 42950421 is divided by 416.
85
What is the remainder when 7644576 is divided by 3378?
162
What is the remainder when 1029780 is divided by 118?
112
What is the remainder when 124512426 is divided by 245?
241
What is the remainder when 409563 is divided by 24084?
135
Calculate the remainder when 1406428295 is divided by 182.
181
What is the remainder when 2201371 is divided by 7834?
17
Calculate the remainder when 27719951 is divided by 156.
155
What is the remainder when 15565709 is divided by 101?
94
What is the remainder when 10771148 is divided by 2880?
2828
What is the remainder when 23678894 is divided by 77382?
2
What is the remainder when 90051537 is divided by 20?
17
Calculate the remainder when 643871 is divided by 470.
441
Calculate the remainder when 68879 is divided by 22576.
1151
What is the remainder when 35130215 is divided by 1022?
1009
Calculate the remainder when 2174513 is divided by 689.
29
What is the remainder when 34765044 is divided by 5675?
5669
Calculate the remainder when 12493542 is divided by 1249354.
2
What is the remainder when 7254535 is divided by 3627266?
3
Calculate the remainder when 26455595 is divided by 349.
348
What is the remainder when 220240 is divided by 31460?
20
What is the remainder when 257560643 is divided by 4163?
4159
What is the remainder when 40044896 is divided by 9?
8
Calculate the remainder when 746366 is divided by 6019.
10
Calculate the remainder when 198684 is divided by 6886.
5876
What is the remainder when 3430398 is divided by 749?
727
What is the remainder when 340204 is divided by 2429?
144
What is the remainder when 232074 is divided by 2478?
1620
What is the remainder when 12896532 is divided by 1350?
1332
What is the remainder when 156748459 is divided by 24?
19
Calculate the remainder when 114137387 is divided by 1062.
1061
Calculate the remainder when 596083 is divided by 49